*n + 31 + 32. What is l(-1)?
6
Suppose -6*r = -3*k - r - 3, 2*r = -k + 10. Let z(f) = -f + k*f + f**3 - 1 + 0 - 6*f**2 - 10*f. Let p be ((-7)/4)/(2/(-8)). Give z(p).
-1
Let j(m) = 2*m - 23. Suppose 0 = -312*v + 328*v. Calculate j(v).
-23
Let a(n) = -n**2 + 4*n + 1. Let b = 12 - 20. Let r be 4/b*(-5 + 1). Let j be a(r). Let f(k) = -k**2 + 5*k + 7. What is f(j)?
7
Let u(o) be the second derivative of o**4/12 - o**3/6 + 2*o. Suppose 0 = -4*m - 3*h - 24, -30*m + 25*m + 1 = -4*h. What is u(m)?
12
Suppose -5 = -13*d - 44. Let q(c) = 3*c + 1. Let x be q(1). Let f(k) = k**2 - 2*k - 2. Let g(v) = v**2 - 2*v - 2. Let s(y) = x*f(y) - 3*g(y). Calculate s(d).
13
Let w(r) = 6*r - 21. Let y be w(9). Suppose 3*n - j - 12 = 4*j, 3*n - y = -2*j. Let z(t) = 7*t + 3 - 8*t + 3. Calculate z(n).
-3
Let h(j) = -j**3 + 3*j**2 + 4*j - 3. Let r be 8*1 - (0 - -3). Let z be (-1 + (2 - -29))/2. Suppose -5*b - 2*f = -z, -r*f - 2 - 10 = -4*b. What is h(b)?
9
Let t(r) = r + 4. Suppose 0 = -m + 1 + 14. Suppose m = -4*a - a. Let x = a - 1. Calculate t(x).
0
Let g(m) = 14*m**2 + m + 2. Let d be (-3)/15 + (-12)/(-10). Let l(k) = -k**2 + k - 1. Let z(c) = d*l(c) + g(c). Determine z(-1).
12
Let v(b) = 0 - 4*b + 2*b - 3. Suppose -22 = 5*z + 8. Let a = z - -2. Give v(a).
5
Suppose -7 = -4*d + 5. Suppose 3 = -d*k - 12. Let w be k*(8/(-4) - -3). Let t(h) = h**3 + 6*h**2 + 8*h + 7. Give t(w).
-8
Let d(l) = -11*l**3 + 5*l**2 + 2*l + 4. Suppose 3*o + 13 + 2 = 0. Let a(c) = 12*c**3 - 6*c**2 - 2*c - 5. Let i(u) = o*a(u) - 6*d(u). Give i(1).
5
Let a(k) = k + 3. Let h be a(-3). Suppose -3*l = -o + 4*o - 75, -3*l - 5*o = -79. Suppose -4*u + 3 - l = h. Let n(y) = -2*y + 5. What is n(u)?
15
Let f = 969 - 974. Let d(g) = 2*g - g**2 + g**3 - 7*g + 5*g**2 + 3 + g. What is d(f)?
-2
Let g(y) = 3 + 11*y - 1 + 3*y**2 - 4*y**2 - 2*y. Let q be g(9). Let j be 33/(-22) - (-1)/q. Let r(i) = 4*i**2 + 2*i + 1. Calculate r(j).
3
Let w(d) = -5*d**3 + 2*d**2 + 2*d - 3. Suppose -2*u + 2*v = 4, -4*u + 3*v - 57 = -52. Determine w(u).
-4
Suppose g - 13 = j - 3*j, -j + 14 = 3*g. Suppose g*b - 7*b + 28 = 0. Let m(a) = a - 3. Calculate m(b).
4
Suppose 0 = 3*a - 4*a + 5*q, -2*q = -a. Let m(x) = -2*x + 2*x**2 + x**3 - 3*x**2 - 8 + 6*x - 5*x. Give m(a).
-8
Let w(q) = q**2 + 12*q + 10. Let n(j) = -j**2 + 20*j + 63. Let y be n(23). Calculate w(y).
-26
Let b(o) = 3*o**2 - 424*o + 433*o + 5 - 2*o**2. Give b(-5).
-15
Let n(m) = 9*m**2 + 7*m**2 - 13*m**2 - 2 + m**3 + 3*m**2 - 6*m. Give n(-7).
-9
Suppose 0 = -0*n - 3*n, n + 12 = 4*m. Suppose 3*h = 3*f - 15, 16 = 4*f - 0*h - m*h. Let g(o) = -o**3 - 2*o + 1. Calculate g(f).
-2
Let s(o) = o**3 - 4*o**2 - 5*o + 2. Let f be s(5). Suppose 0 = -4*q + 3*q - f. Let t(u) = -4*u**2 - u - 2. What is t(q)?
-16
Let y be (-460)/(-120) + 1/6. Suppose 0 = -q + 3 + y. Suppose -3*u + 4 = -q*u. Let l(x) = x + 2. Determine l(u).
1
Let p(n) be the first derivative of n**3/3 - n**2/2 - 2*n - 28. Let u be ((-2)/4)/((-1)/6). Calculate p(u).
4
Let p(a) be the first derivative of 5*a**2/2 - 2. Let g(k) be the second derivative of -k**3/6 - 3*k. Let w(b) = 11*g(b) + 2*p(b). Determine w(-2).
2
Let i(d) be the second derivative of -d**3/2 - d**2 - 5*d - 13. What is i(-7)?
19
Let a(s) = s**2 + s. Let f(o) be the third derivative of -1/6*o**4 + 0 + 0*o**3 - 1/15*o**5 + 0*o - 5*o**2. Let u(m) = 18*a(m) + 4*f(m). What is u(-3)?
12
Let x(q) = q**3 + 2*q + 9. Let u be 8 + -7 + (0 - -2). Let l(o) = o**3 + o**2 + o + 8. Let d(h) = u*x(h) - 4*l(h). Give d(-5).
10
Let y(x) = 6*x - 1. Let z(m) = m**3 - 6*m**2 + 6*m + 14. Let t be z(6). Let b be (-120)/t - (-4)/10. What is y(b)?
-13
Let c(b) = -20 + 17 - 8*b + 2*b. Give c(6).
-39
Let h(k) = -2*k - 2*k - 4 + 3*k. Suppose -4*g - 8 = -2*n, -g - 3*n + 8 = -n. Suppose -9*a + 4*a = g. Give h(a).
-4
Let a(x) = 2*x + 1. Let i(g) be the third derivative of -g**5/60 - g**4/2 + g**3/3 + 8*g**2. Let l be i(-12). Give a(l).
5
Suppose 3*b - 4*j + 54 = 6*b, 0 = -4*j + 12. Let p = -10 + b. Let f be 1*(-4)/p*4. Let w(q) = -2*q**2 - 6*q - 4. Determine w(f).
-12
Let n(g) = g**3 - g**2 + 3*g - 1. Let k(w) = 3*w**3 + 2*w**2 - 6. Let m(t) = k(t) - 2*n(t). What is m(-5)?
1
Let f(s) = -13*s**2 - s. Suppose 5*t + 3 = 3*c - 7*c, 15 = c - 4*t. Let j = 2 + c. Suppose j*x + 4*a = 5*a - 1, 0 = 3*a + 12. Determine f(x).
-12
Let c(u) = -4*u - 12. Let x(n) = n**3 + 13*n**2 - 36*n - 95. Let q be x(-15). Calculate c(q).
8
Let v(t) = -t + 3. Suppose 85 - 61 = -6*r. What is v(r)?
7
Let t = 15 - -1. Let y(z) = t*z**2 - z - 9*z**2 - z**3 - 14*z**2 - 3. Determine y(-7).
4
Suppose -12*z = -19*z - 14. Let r(o) be the first derivative of -o**4/4 - o**3/3 + o**2 + 3*o - 1. Determine r(z).
3
Let t(u) = u**2 - 4*u - 5. Suppose -5*j = -0*j + 320. Let o be 1/(-2)*j/8. Give t(o).
-5
Let a(g) = -2*g + 6. Let b(l) = -l**2 + 11*l - 28. Let x be b(7). Suppose 5*m = 38 + 82. Suppose m = -x*z + 4*z. What is a(z)?
-6
Let k(j) = -3*j**2 - 2*j**3 + 0 + 0*j**3 - 1 - 3*j. Let d(m) = -140*m - 282. Let i be d(-2). What is k(i)?
9
Let c(b) = b**2 - 14. Let s be c(5). Let v(g) = s*g + 7*g - 21*g - 4. Calculate v(4).
-16
Let k(y) = -y. Let o be 2*(-9)/((-18)/(-20)). Let d be 4/5*(-50)/o. Suppose -q + 3 + d = j, 2*j - 5 = -q. What is k(j)?
0
Let r(o) = -2*o - 2. Let m be (-4)/18*3*-3. Let i be 1/(-1 - m/(-3)). Let q be ((-20)/15)/((-2)/i). Give r(q).
2
Let v = 33 - 39. Let m be (v/14)/(6/(-42)). Let l(d) = 4*d**3 - 3*d**2 + 3*d. Let c(p) = p**3 + p**2 + p - 1. Let i(x) = 2*c(x) - l(x). What is i(m)?
-14
Let z(k) = -4*k - 7. Suppose 120 - 130 = 2*c. Determine z(c).
13
Suppose 2*p - a = 17 + 80, -2*p + 4*a + 100 = 0. Let v = p + -44. Let d(b) be the third derivative of -b**4/8 + 5*b**3/6 + b**2. Give d(v).
-7
Let z(t) = -9*t + 56. Let x(c) = 3*c - 19. Let i(q) = -17*x(q) - 6*z(q). Let f be i(3). Let h(v) = v**3 + 4*v**2 + 1. What is h(f)?
1
Suppose -26 = -4*l - 6, 5*l = -2*h + 29. Let n(r) = -4 + 3 - 4 + r + 4. Determine n(h).
1
Let v(t) = -t**2 - 1. Let f(g) = -3*g**2 - 11*g - 13. Let h(s) = f(s) - 2*v(s). What is h(-9)?
7
Let v(l) = -l**3 + 26*l**2 - 48*l + 17. Let o be v(24). Let b = o - 17. Let n(h) = h**3 + h**2 + h. Give n(b).
0
Suppose 3*q - 4*y = 0, 2*y + 16 + 6 = -4*q. Let o(j) be the first derivative of -j**2/2 - 8*j + 50. Determine o(q).
-4
Let u be (-9)/(13/12 + 4/(-12)). Let q(b) = b**2 + 12*b + 5. Give q(u).
5
Let o(j) = 11*j + 15. Let m be o(-2). Let h(z) = -z**3 - 8*z**2 - 3*z + 6. Calculate h(m).
-22
Let s(v) = -4*v**2 + 19*v. Let i(y) = 8*y**2 - 34*y - 1. Let g(p) = -4*i(p) - 7*s(p). Calculate g(3).
-23
Suppose -1 = n - 0. Let i(h) = 9*h - 8. Let c(v) = 14*v - 11. Let b(p) = 5*c(p) - 7*i(p). Calculate b(n).
-6
Let f(v) = -2*v**2 + 8*v + 2. Suppose -18*x = -29 - 7. Suppose l - 4 = -l - x*h, -4*h = -2*l + 28. Determine f(l).
-22
Let m(w) = -w**3 - 15*w + 0*w**2 + 9*w**2 - 6*w**2 + 13*w. Give m(2).
0
Let c(y) = -y - 2. Let r = 21 + -7. Suppose -r*x + 912 = -10*x. Let p be 4/(-14) - x/84. Determine c(p).
1
Suppose -5*r = 21 - 51. Let p(h) = -h**2 + 5*h - 3. What is p(r)?
-9
Let m(b) = -279*b + 3 - 3 + 277*b. Determine m(-2).
4
Suppose -4*u - 106 = i, 4*i - 3*i + 28 = -u. Let d be 0 + (-178)/u - (-20)/130. Let n(y) = y - 11. What is n(d)?
-4
Let x(n) = -n**2 + 11*n - 5. Suppose -8*k + 4 = -76. Determine x(k).
5
Let m(n) = -n**2 + 5*n - 8. Let o(x) = 26*x + 264. Let v be o(-10). Calculate m(v).
-4
Let n(a) = -6*a - 14. Suppose 46*c = -70 - 252. Determine n(c).
28
Let d(f) be the third derivative of f**6/120 - f**5/15 - f**4/12 - f**3/2 + 23*f**2 + 2. Calculate d(4).
-11
Suppose -1296 = 8*o - 1224. Let t(y) = y**3 + 10*y**2 + 7*y - 10. What is t(o)?
8
Let k(x) = x**3 + 5*x**2 - 9*x - 8. Let q = -126 + 178. Let u be ((-6)/(-27))/(-1) + q/(-9). Calculate k(u).
10
Let v(u) be the first derivative of -2*u + 5/2*u**2 + 4. Suppose 20 = -4*c - 4*a - 12, -3*c + 5*a = -16. What is v(c)?
-17
Let s(y) = y**2 - 4*y + 5. Let i be 10/15 + (-14)/(-6). Let n(j) = j**3 + j**2 + j + 16. Let p be n(0). Suppose g = -i*g + p. What is s(g)?
5
Let i(d) = -d + 5. Let f(x) = x**2 + 12*x - 79. Let v(t) = -t**2 - 14*t + 79. Let s(z) = 3*f(z) + 2*v(z). Let r be s(6). Determine i(r).
0
Let g(c) = -c**2 - 5*c + 4. Suppose -2*x = -3*r - 2 + 8, -3*r + 15 = x. Let j be ((-14)/r + 4)/(3/(-30)). What is g(j)?
4
Let b(o) = -o**2 + 1. Suppose 26 = 15*d - 2*